{"id":34,"date":"2021-03-03T15:44:06","date_gmt":"2021-03-03T14:44:06","guid":{"rendered":"https:\/\/groupestrm.com\/?page_id=34"},"modified":"2021-03-03T15:44:06","modified_gmt":"2021-03-03T14:44:06","slug":"conditions-generales","status":"publish","type":"page","link":"https:\/\/groupestrm.com\/?page_id=34","title":{"rendered":"Conditions g\u00e9n\u00e9rales"},"content":{"rendered":"<p>[et_pb_section fb_built=\u00a0\u00bb1&Prime; _builder_version=\u00a0\u00bb4.4.8&Prime; background_color=\u00a0\u00bb#e26e0d\u00a0\u00bb background_image=\u00a0\u00bbhttps:\/\/groupestrm.com\/wp-content\/uploads\/2021\/03\/venture_03.png\u00a0\u00bb parallax=\u00a0\u00bbon\u00a0\u00bb custom_padding=\u00a0\u00bb560px||560px||true|\u00a0\u00bb locked=\u00a0\u00bboff\u00a0\u00bb][et_pb_row _builder_version=\u00a0\u00bb4.4.8&Prime;][et_pb_column type=\u00a0\u00bb4_4&Prime; _builder_version=\u00a0\u00bb4.4.8&Prime;][et_pb_text admin_label=\u00a0\u00bbConditions G\u00e9n\u00e9rales\u00a0\u00bb _builder_version=\u00a0\u00bb4.4.8&Prime; text_text_color=\u00a0\u00bb#ededed\u00a0\u00bb text_font_size=\u00a0\u00bb16px\u00a0\u00bb text_line_height=\u00a0\u00bb2.2em\u00a0\u00bb header_font=\u00a0\u00bb|||on|||||\u00a0\u00bb header_text_color=\u00a0\u00bb#22272a\u00a0\u00bb header_4_text_color=\u00a0\u00bb#e26e0d\u00a0\u00bb background_color=\u00a0\u00bbrgba(0,0,0,0)\u00a0\u00bb text_orientation=\u00a0\u00bbjustified\u00a0\u00bb animation_style=\u00a0\u00bbfade\u00a0\u00bb animation_duration=\u00a0\u00bb1600ms\u00a0\u00bb]<\/p>\n<h1 style=\"text-align: center;\">Extrait des conditions g\u00e9n\u00e9rales<\/h1>\n<p>&nbsp;<\/p>\n<p>Conform\u00e9ment \u00e0 la loi, le refus non motiv\u00e9 de signature engage la responsabilit\u00e9 du remettant ou du destinataire qui refuse de signer. Le donneur d&rsquo;ordre r\u00e9pond des cons\u00e9quences de manquement \u00e0 son obligation d&rsquo;information, d&rsquo;une absence, insuffisance ou inexactitude de d\u00e9lation relative aux objets remis, d&rsquo;une absence ou insuffisance de conditionnement, d&#8217;emballage, de marquage ou d&rsquo;\u00e9tiquetage.<br \/>En cas de perte ou avarie, l&rsquo;exp\u00e9diteur ou le destinataire doit adresser par lettre recommand\u00e9e avec A.R. au transporteur leur protestation pr\u00e9cise et motiv\u00e9e dans les 3 jours (non compris les jours f\u00e9ri\u00e9s) de la r\u00e9ception de marchandise.<br \/>En l&rsquo;absence de conventions particuli\u00e8res et\/ou d&rsquo;application d&rsquo;un contrat-type sp\u00e9cifique approuv\u00e9 par d\u00e9cret (tel que le transport de denr\u00e9es p\u00e9rissables sous temp\u00e9rature dirig\u00e9e, le transport en citerne\u2026); la responsabilit\u00e9 du transporteur ne peut exc\u00e9der, pour tous dommages justifi\u00e9s dont il est l\u00e9galement tenu, les indemnit\u00e9s suivantes :<br \/><strong>\u2022 Pour les envois de moins de 3 tonnes : 33\u20ac par kilogramme de poids brut de marchandises manquantes ou avari\u00e9es<\/strong> pour chacun des objets compris dans l&rsquo;envoi, sans pouvoir d\u00e9passer 1000\u20ac par colis perdu, incomplet ou avari\u00e9, quels que soient le poids, le volume, les dimensions, la nature ou la valeur.<br \/><strong>\u2022 Pour les envois de 3 tonnes et plus : 20\u20ac par kilogramme de poids brut de marchandises manquantes ou avari\u00e9es<\/strong> pour chacun des objets compris dans l&rsquo;envoi, sans pouvoir d\u00e9passer, par envoi perdu, incomplet ou avari\u00e9, quels que soient le poids, le volume, les dimensions, la nature ou la valeur, une somme sup\u00e9rieure au produit du poids brut de l&rsquo;envoi exprim\u00e9 en tonnes multipli\u00e9s par 3200\u20ac.<\/p>\n<p>&nbsp;<\/p>\n<p><strong>D\u00c9FINITIONS<\/strong><br \/><i>Envoi : la quantit\u00e9 de marchandises, emballage et support de\u00a0charge\u00a0compris, mise\u00a0effectivement, au m\u00eame moment, \u00e0 la disposition d&rsquo;un\u00a0transporteur et dont le\u00a0transport est\u00a0demand\u00e9 par un m\u00eame donneur d&rsquo;ordre pour un m\u00eame destinataire d&rsquo;un lieu de chargement\u00a0unique \u00e0 un lieu de\u00a0d\u00e9chargement unique, et\u00a0faisant l&rsquo;objet d&rsquo;un m\u00eame contrat de transport.<\/i><\/p>\n<p><i>Colis : un objet ou un ensemble mat\u00e9riel compos\u00e9 de plusieurs objets, quels qu&rsquo;en soient le poids, les\u00a0dimensions et le\u00a0volume,\u00a0constituant une charge unitaire lors de la\u00a0remise\u00a0au transporteur (exemple : carton, caisse,\u00a0continuer, fardeau, roll, palette cercl\u00e9e ou film\u00e9e par le donneur\u00a0d&rsquo;ordre etc\u2026) m\u00eame si le\u00a0contenu en est d\u00e9taill\u00e9 dans le document de transport.<br \/><\/i><\/p>\n<p><i>1 euro (\u20ac) : 6,55957 francs fran\u00e7ais.<\/i><\/p>\n<p>Tous les litiges n\u00e9s de l&rsquo;ex\u00e9cution du contrat est la comp\u00e9tence exclusive des tribunaux du si\u00e8ge social du transporteur, m\u00eame en cas d&rsquo;appel de garantie ou de pluralit\u00e9 de d\u00e9fendeurs.<\/p>\n<p>[\/et_pb_text][\/et_pb_column][\/et_pb_row][\/et_pb_section]<\/p>\n","protected":false},"excerpt":{"rendered":"<p>Extrait des conditions g\u00e9n\u00e9rales &nbsp; Conform\u00e9ment \u00e0 la loi, le refus non motiv\u00e9 de signature engage la responsabilit\u00e9 du remettant ou du destinataire qui refuse de signer. Le donneur d&rsquo;ordre r\u00e9pond des cons\u00e9quences de manquement \u00e0 son obligation d&rsquo;information, d&rsquo;une absence, insuffisance ou inexactitude de d\u00e9lation relative aux objets remis, d&rsquo;une absence ou insuffisance de [&hellip;]<\/p>\n","protected":false},"author":1,"featured_media":0,"parent":0,"menu_order":0,"comment_status":"closed","ping_status":"closed","template":"","meta":{"_et_pb_use_builder":"on","_et_pb_old_content":"","_et_gb_content_width":"","footnotes":""},"class_list":["post-34","page","type-page","status-publish","hentry"],"yoast_head":"<!-- This site is optimized with the Yoast SEO plugin v27.5 - https:\/\/yoast.com\/product\/yoast-seo-wordpress\/ -->\n<title>Conditions g\u00e9n\u00e9rales - STRM - Soci\u00e9t\u00e9 de Transports Rh\u00f4ne M\u00e9diterran\u00e9e<\/title>\n<meta name=\"robots\" content=\"index, follow, max-snippet:-1, max-image-preview:large, max-video-preview:-1\" \/>\n<link rel=\"canonical\" href=\"https:\/\/groupestrm.com\/?page_id=34\" \/>\n<meta property=\"og:locale\" content=\"fr_FR\" \/>\n<meta property=\"og:type\" content=\"article\" \/>\n<meta property=\"og:title\" content=\"Conditions g\u00e9n\u00e9rales - STRM - Soci\u00e9t\u00e9 de Transports Rh\u00f4ne M\u00e9diterran\u00e9e\" \/>\n<meta property=\"og:description\" content=\"Extrait des conditions g\u00e9n\u00e9rales &nbsp; Conform\u00e9ment \u00e0 la loi, le refus non motiv\u00e9 de signature engage la responsabilit\u00e9 du remettant ou du destinataire qui refuse de signer. Le donneur d&#039;ordre r\u00e9pond des cons\u00e9quences de manquement \u00e0 son obligation d&#039;information, d&#039;une absence, insuffisance ou inexactitude de d\u00e9lation relative aux objets remis, d&#039;une absence ou insuffisance de [&hellip;]\" \/>\n<meta property=\"og:url\" content=\"https:\/\/groupestrm.com\/?page_id=34\" \/>\n<meta property=\"og:site_name\" content=\"STRM - Soci\u00e9t\u00e9 de Transports Rh\u00f4ne M\u00e9diterran\u00e9e\" \/>\n<meta name=\"twitter:card\" content=\"summary_large_image\" \/>\n<meta name=\"twitter:label1\" content=\"Dur\u00e9e de lecture estim\u00e9e\" \/>\n\t<meta name=\"twitter:data1\" content=\"3 minutes\" \/>\n<script type=\"application\/ld+json\" class=\"yoast-schema-graph\">{\"@context\":\"https:\\\/\\\/schema.org\",\"@graph\":[{\"@type\":\"WebPage\",\"@id\":\"https:\\\/\\\/groupestrm.com\\\/?page_id=34\",\"url\":\"https:\\\/\\\/groupestrm.com\\\/?page_id=34\",\"name\":\"Conditions g\u00e9n\u00e9rales - STRM - Soci\u00e9t\u00e9 de Transports Rh\u00f4ne M\u00e9diterran\u00e9e\",\"isPartOf\":{\"@id\":\"https:\\\/\\\/groupestrm.com\\\/#website\"},\"datePublished\":\"2021-03-03T14:44:06+00:00\",\"breadcrumb\":{\"@id\":\"https:\\\/\\\/groupestrm.com\\\/?page_id=34#breadcrumb\"},\"inLanguage\":\"fr-FR\",\"potentialAction\":[{\"@type\":\"ReadAction\",\"target\":[\"https:\\\/\\\/groupestrm.com\\\/?page_id=34\"]}]},{\"@type\":\"BreadcrumbList\",\"@id\":\"https:\\\/\\\/groupestrm.com\\\/?page_id=34#breadcrumb\",\"itemListElement\":[{\"@type\":\"ListItem\",\"position\":1,\"name\":\"Accueil\",\"item\":\"https:\\\/\\\/groupestrm.com\\\/\"},{\"@type\":\"ListItem\",\"position\":2,\"name\":\"Conditions g\u00e9n\u00e9rales\"}]},{\"@type\":\"WebSite\",\"@id\":\"https:\\\/\\\/groupestrm.com\\\/#website\",\"url\":\"https:\\\/\\\/groupestrm.com\\\/\",\"name\":\"STRM - Soci\u00e9t\u00e9 de Transports Rh\u00f4ne M\u00e9diterran\u00e9e\",\"description\":\"Rapidit\u00e9 et efficacit\u00e9 d&#039;un transport s\u00e9curis\u00e9\",\"potentialAction\":[{\"@type\":\"SearchAction\",\"target\":{\"@type\":\"EntryPoint\",\"urlTemplate\":\"https:\\\/\\\/groupestrm.com\\\/?s={search_term_string}\"},\"query-input\":{\"@type\":\"PropertyValueSpecification\",\"valueRequired\":true,\"valueName\":\"search_term_string\"}}],\"inLanguage\":\"fr-FR\"}]}<\/script>\n<!-- \/ Yoast SEO plugin. -->","yoast_head_json":{"title":"Conditions g\u00e9n\u00e9rales - STRM - Soci\u00e9t\u00e9 de Transports Rh\u00f4ne M\u00e9diterran\u00e9e","robots":{"index":"index","follow":"follow","max-snippet":"max-snippet:-1","max-image-preview":"max-image-preview:large","max-video-preview":"max-video-preview:-1"},"canonical":"https:\/\/groupestrm.com\/?page_id=34","og_locale":"fr_FR","og_type":"article","og_title":"Conditions g\u00e9n\u00e9rales - STRM - Soci\u00e9t\u00e9 de Transports Rh\u00f4ne M\u00e9diterran\u00e9e","og_description":"Extrait des conditions g\u00e9n\u00e9rales &nbsp; Conform\u00e9ment \u00e0 la loi, le refus non motiv\u00e9 de signature engage la responsabilit\u00e9 du remettant ou du destinataire qui refuse de signer. Le donneur d'ordre r\u00e9pond des cons\u00e9quences de manquement \u00e0 son obligation d'information, d'une absence, insuffisance ou inexactitude de d\u00e9lation relative aux objets remis, d'une absence ou insuffisance de [&hellip;]","og_url":"https:\/\/groupestrm.com\/?page_id=34","og_site_name":"STRM - Soci\u00e9t\u00e9 de Transports Rh\u00f4ne M\u00e9diterran\u00e9e","twitter_card":"summary_large_image","twitter_misc":{"Dur\u00e9e de lecture estim\u00e9e":"3 minutes"},"schema":{"@context":"https:\/\/schema.org","@graph":[{"@type":"WebPage","@id":"https:\/\/groupestrm.com\/?page_id=34","url":"https:\/\/groupestrm.com\/?page_id=34","name":"Conditions g\u00e9n\u00e9rales - STRM - Soci\u00e9t\u00e9 de Transports Rh\u00f4ne M\u00e9diterran\u00e9e","isPartOf":{"@id":"https:\/\/groupestrm.com\/#website"},"datePublished":"2021-03-03T14:44:06+00:00","breadcrumb":{"@id":"https:\/\/groupestrm.com\/?page_id=34#breadcrumb"},"inLanguage":"fr-FR","potentialAction":[{"@type":"ReadAction","target":["https:\/\/groupestrm.com\/?page_id=34"]}]},{"@type":"BreadcrumbList","@id":"https:\/\/groupestrm.com\/?page_id=34#breadcrumb","itemListElement":[{"@type":"ListItem","position":1,"name":"Accueil","item":"https:\/\/groupestrm.com\/"},{"@type":"ListItem","position":2,"name":"Conditions g\u00e9n\u00e9rales"}]},{"@type":"WebSite","@id":"https:\/\/groupestrm.com\/#website","url":"https:\/\/groupestrm.com\/","name":"STRM - Soci\u00e9t\u00e9 de Transports Rh\u00f4ne M\u00e9diterran\u00e9e","description":"Rapidit\u00e9 et efficacit\u00e9 d&#039;un transport s\u00e9curis\u00e9","potentialAction":[{"@type":"SearchAction","target":{"@type":"EntryPoint","urlTemplate":"https:\/\/groupestrm.com\/?s={search_term_string}"},"query-input":{"@type":"PropertyValueSpecification","valueRequired":true,"valueName":"search_term_string"}}],"inLanguage":"fr-FR"}]}},"_links":{"self":[{"href":"https:\/\/groupestrm.com\/index.php?rest_route=\/wp\/v2\/pages\/34","targetHints":{"allow":["GET"]}}],"collection":[{"href":"https:\/\/groupestrm.com\/index.php?rest_route=\/wp\/v2\/pages"}],"about":[{"href":"https:\/\/groupestrm.com\/index.php?rest_route=\/wp\/v2\/types\/page"}],"author":[{"embeddable":true,"href":"https:\/\/groupestrm.com\/index.php?rest_route=\/wp\/v2\/users\/1"}],"replies":[{"embeddable":true,"href":"https:\/\/groupestrm.com\/index.php?rest_route=%2Fwp%2Fv2%2Fcomments&post=34"}],"version-history":[{"count":2,"href":"https:\/\/groupestrm.com\/index.php?rest_route=\/wp\/v2\/pages\/34\/revisions"}],"predecessor-version":[{"id":37,"href":"https:\/\/groupestrm.com\/index.php?rest_route=\/wp\/v2\/pages\/34\/revisions\/37"}],"wp:attachment":[{"href":"https:\/\/groupestrm.com\/index.php?rest_route=%2Fwp%2Fv2%2Fmedia&parent=34"}],"curies":[{"name":"wp","href":"https:\/\/api.w.org\/{rel}","templated":true}]}}